a factor of 6680814?
True
Is 7 a factor of 537079?
False
Does 482 divide 43236364?
True
Does 4982 divide 714947664?
False
Does 1277 divide 47095760?
True
Does 20 divide 64333357?
False
Does 7202 divide 2793439740?
True
Does 3670 divide 504313209?
False
Is 4 a factor of 103508752?
True
Is 40 a factor of 1358146720?
True
Is 118 a factor of 422640646?
False
Does 498 divide 41051634?
True
Is 269936607 a multiple of 161?
False
Does 206 divide 301515814?
True
Does 1398 divide 259259100?
True
Is 4576917760 a multiple of 401?
True
Is 5699141 a multiple of 1087?
True
Does 11 divide 373231747?
False
Is 281335620 a multiple of 30?
True
Is 852763895 a multiple of 4630?
False
Does 10 divide 151137147?
False
Does 40 divide 30999320?
True
Does 773 divide 164842250?
True
Is 260 a factor of 26502060?
True
Is 144 a factor of 227934215?
False
Is 93503751 a multiple of 9?
False
Is 148298298 a multiple of 68?
False
Is 4975 a factor of 591693451?
False
Does 8 divide 1352616480?
True
Is 165929850 a multiple of 114?
True
Is 14 a factor of 630752878?
True
Does 33 divide 415271670?
True
Is 106021898 a multiple of 197?
False
Is 3066 a factor of 952419535?
False
Is 5073766020 a multiple of 197?
False
Is 1135440 a multiple of 2988?
True
Does 60 divide 15953484?
False
Is 5829 a factor of 2688597225?
False
Does 1057 divide 669862123?
True
Does 196 divide 47809104?
True
Is 2814300220 a multiple of 15?
False
Is 19 a factor of 132532733?
True
Is 44 a factor of 1056665147?
False
Is 1861285343 a multiple of 237?
False
Is 473 a factor of 29569468?
False
Does 746 divide 1969881884?
False
Does 12 divide 1254836017?
False
Is 6239 a factor of 1429576310?
False
Is 65 a factor of 79025310?
True
Does 26 divide 6098820?
True
Does 484 divide 2183762988?
True
Is 164 a factor of 85394472?
True
Is 15632347 even?
False
Does 24 divide 36189336?
True
Does 58 divide 367028292?
True
Is 13930851 a multiple of 33?
True
Does 72 divide 253496448?
True
Is 22844474 a multiple of 146?
True
Is 665768790 a multiple of 17?
True
Does 54 divide 14577822?
False
Is 7 a factor of 1083978?
True
Does 2358 divide 346994640?
False
Does 78 divide 5214541?
False
Does 12 divide 15419874?
False
Is 1807 a factor of 133497546?
True
Is 57 a factor of 212195461?
False
Does 4 divide 3065092?
True
Does 30 divide 1664255657?
False
Is 44 a factor of 336923719?
False
Does 593 divide 56714333?
False
Does 633 divide 48597662?
False
Is 33845496 a multiple of 222?
False
Is 3570484070 a multiple of 10?
True
Does 19 divide 30177255?
False
Does 84 divide 165088077?
False
Is 58 a factor of 107550146?
False
Is 37 a factor of 234798300?
True
Is 3740478 a multiple of 29?
True
Does 89 divide 455502?
True
Does 531 divide 251773650?
True
Does 49 divide 71042111?
True
Is 660985008 a multiple of 213?
True
Does 159 divide 23032903?
False
Is 1172295900 a multiple of 12?
True
Is 11074968 a multiple of 38?
False
Is 170768962 a multiple of 3262?
True
Is 5 a factor of 732963616?
False
Is 89738093 a multiple of 29?
True
Does 3 divide 10941501?
True
Does 1067 divide 533243682?
False
Is 80 a factor of 1551397200?
True
Is 106021416 a multiple of 1668?
True
Is 4 a factor of 97404227?
False
Is 45 a factor of 32022180?
True
Is 8 a factor of 51208080?
True
Is 703128556 a multiple of 44?
False
Does 77 divide 1566782833?
True
Does 46 divide 1391711099?
False
Does 1244 divide 60027976?
True
Is 7 a factor of 161959682?
False
Is 66329604 a multiple of 970?
False
Is 8681148 a multiple of 9?
True
Is 77488551 a multiple of 9?
True
Is 4 a factor of 39689?
False
Does 2207 divide 1906876691?
True
Is 5432 a factor of 2261907330?
False
Is 4609770 a multiple of 687?
True
Does 297 divide 22080660?
False
Does 29 divide 5885097?
False
Is 22697613 a multiple of 5?
False
Is 7152 a factor of 4086360650?
False
Is 12717664 a multiple of 8?
True
Is 170 a factor of 1907395414?
False
Is 434606220 a multiple of 1206?
True
Does 335 divide 14346021?
False
Is 23495787 a multiple of 26?
False
Is 16087838 a multiple of 184?
False
Is 859394937 a multiple of 768?
False
Is 171 a factor of 90428720?
False
Does 1834 divide 693864556?
True
Does 114 divide 38415492?
True
Is 4439848253 a multiple of 1648?
False
Is 15 a factor of 1152043650?
True
Is 21 a factor of 40705833?
True
Does 257 divide 335872786?
True
Does 26 divide 66781180?
False
Is 369846410 a multiple of 943?
False
Does 6 divide 5857044?
True
Is 1070 a factor of 2233029067?
False
Is 20 a factor of 16072400?
True
Does 43 divide 1024769722?
True
Is 20 a factor of 545165180?
True
Does 132 divide 1602744?
True
Does 3561 divide 185322976?
False
Is 82720338 a multiple of 1578?
True
Is 65 a factor of 73144862?
False
Is 135350056 a multiple of 5?
False
Does 25 divide 81615475?
True
Does 2660 divide 119094338?
False
Is 18803172 a multiple of 6?
True
Is 174626734 a multiple of 677?
True
Does 341 divide 345166679?
True
Does 247 divide 196206990?
False
Does 8 divide 1245860824?
True
Is 70122930 a multiple of 1297?
False
Does 6 divide 790353941?
False
Is 39253396 a multiple of 402?
False
Is 7063643 a multiple of 1477?
False
Does 1692 divide 45892184?
False
Is 125043993 a multiple of 1917?
True
Does 583 divide 21566329?
False
Is 676 a factor of 1796966860?
True
Is 126520336 a multiple of 207?
False
Is 966 a factor of 1565886?
True
Is 2304 a factor of 274823424?
True
Does 409 divide 6218436?
True
Is 499 a factor of 81258657?
True
Is 1061108542 a multiple of 46?
True
Is 607921180 a multiple of 1373?
False
Does 519 divide 42859539?
True
Is 301 a factor of 160452264?
True
Is 22 a factor of 1694831?
False
Does 64 divide 1024953792?
True
Is 114314436 a multiple of 1004?
True
Is 14474 a factor of 2645152448?
True
Does 3 divide 1322761704?
True
Is 2003193705 a multiple of 152?
False
Is 91 a factor of 1170633?
False
Does 437 divide 1529213181?
False
Is 335 a factor of 521920955?
True
Does 87 divide 429880648?
False
Is 52 a factor of 2413630284?
True
Is 2048 a factor of 615344128?
True
Is 14 a factor of 4898659212?
False
Is 42 a factor of 27515856?
False
Is 894205241 a multiple of 325?
False
Is 33 a factor of 1618202100?
False
Is 6437 a factor of 3019641759?
True
Does 113 divide 2822842?
False
Is 1962 a factor of 901062234?
True
Is 26866987 a multiple of 119?
True
Is 13 a factor of 266862112?
False
Is 673 a factor of 9585539?
True
Is 782 a factor of 76184873?
False
Is 32 a factor of 21667936?
True
Is 21 a factor of 10219524?
True
Is 1581 a factor of 87227651?
False
Is 68 a factor of 20166192?
False
Is 2039538798 a multiple of 198?
True
Does 438 divide 54536723?
False
Is 41718854 a multiple of 868?
False
Is 1759784766 a multiple of 21?
False
Does 2938 divide 88876315?
False
Is 2227 a factor of 6400398?
True
Does 84 divide 225163932?
True
Is 32 a factor of 70394304?
True
Is 74 a factor of 361953462?
True
Is 16 a factor of 907440?
True
Does 2 divide 275698?
True
Is 39450936 a multiple of 3143?
True
Does 1101 divide 177877560?
True
Does 64 divide 193260864?
True
Is 112001334 a multiple of 32?
False
Is 58 a factor of 4324885710?
True
Does 141 divide 691615627?
False
Is 109 a factor of 298876038?
True
Is 19441764 a multiple of 2122?
True
Does 610 divide 433784420?
True
Does 196 divide 1061928?
True
Is 42 a factor of 26596416?
True
Is 181539051 a multiple of 41?
False
Does 61 divide 157809501?
True
Does 6 divide 23623097?
False
Is 6816272 even?
True
Does 5 divide 127259240?
True
Does 68 divide 238250328?
False
Is 1463794740 a multiple of 9?
True
Is 157261431 a multiple of 69?
False
Is 11343904 a multiple of 32?
True
Is 1719 a factor of 955764?
True
Is 1036 a factor of 51384564?
True
Is 3 a factor of 9065175?
True
Does 1153 divide 12691530?
False
Is 2053600 a multiple of 425?
True
Is 1208 a factor of 25377139?
False
Does 8 divide 158827?
False
Is 44 a factor of 1587352779?
False
Is 49 a factor of 1584299371?
False
Is 16596703 a multiple of 422?
False
Is 123132203 a multiple of 11?
False
Is 45804234 a multiple of 33?
False
Is 4 a factor of 90057689?
False
Is 134 a factor of 20007596?
False
Is 27789815 a multiple of 17?
True
Is 1567304640 a multiple of 2970?
True
Is 215195996 a multiple of 1258?
True
Is 37871000 a multiple of 1762?
False
Does 85 divide 66613459?
False
Does 119 divide 82513913?
False
Does 1328 divide 228265936?
True
Is 434012383 a multiple of 335